te the highest common divisor of 12 and 54.
6
Calculate the greatest common divisor of 318 and 24380.
106
What is the highest common factor of 132 and 1452?
132
Calculate the highest common factor of 112 and 24.
8
What is the highest common factor of 21 and 483?
21
Calculate the greatest common divisor of 355 and 14555.
355
What is the highest common divisor of 1638 and 28?
14
Calculate the greatest common factor of 17178 and 126.
42
Calculate the greatest common divisor of 3 and 39.
3
What is the greatest common divisor of 6552 and 168?
168
Calculate the greatest common divisor of 106 and 212.
106
What is the highest common divisor of 3110 and 5?
5
Calculate the greatest common factor of 36 and 324.
36
Calculate the highest common factor of 12 and 372.
12
Calculate the highest common factor of 1 and 317.
1
Calculate the highest common divisor of 1075 and 258.
43
What is the highest common factor of 5706 and 72?
18
What is the greatest common divisor of 6985 and 22?
11
Calculate the highest common factor of 37 and 1850.
37
Calculate the greatest common divisor of 76 and 1406.
38
What is the highest common factor of 335 and 25?
5
What is the highest common divisor of 2002 and 1078?
154
What is the greatest common divisor of 120 and 6600?
120
Calculate the greatest common divisor of 682 and 88.
22
What is the greatest common factor of 210 and 84?
42
What is the greatest common divisor of 14874 and 1110?
222
What is the highest common factor of 1631 and 14?
7
What is the greatest common factor of 4030 and 26?
26
What is the highest common divisor of 376 and 611?
47
Calculate the greatest common factor of 377 and 546.
13
What is the highest common factor of 225 and 100?
25
Calculate the highest common divisor of 70 and 1750.
70
What is the highest common factor of 196 and 441?
49
Calculate the highest common divisor of 4464 and 868.
124
What is the highest common divisor of 280 and 120?
40
Calculate the highest common divisor of 1302 and 6882.
186
What is the greatest common factor of 130 and 455?
65
Calculate the highest common divisor of 9207 and 3.
3
What is the greatest common divisor of 6953 and 17?
17
What is the greatest common factor of 36 and 8?
4
Calculate the greatest common divisor of 90 and 315.
45
What is the greatest common divisor of 2760 and 120?
120
What is the greatest common factor of 36 and 612?
36
What is the highest common factor of 1188 and 18?
18
Calculate the highest common divisor of 5549 and 31.
31
What is the greatest common divisor of 390 and 104?
26
What is the highest common factor of 26 and 20995?
13
Calculate the highest common factor of 63 and 3843.
63
Calculate the greatest common factor of 152 and 14744.
152
What is the highest common divisor of 270 and 297?
27
Calculate the highest common divisor of 476 and 28.
28
What is the greatest common divisor of 10 and 290?
10
Calculate the greatest common divisor of 14 and 70.
14
Calculate the greatest common factor of 440 and 270.
10
Calculate the highest common divisor of 180 and 810.
90
Calculate the greatest common factor of 352 and 11.
11
Calculate the greatest common divisor of 297 and 8217.
99
Calculate the highest common divisor of 21504 and 168.
168
What is the highest common divisor of 2828 and 28?
28
Calculate the highest common factor of 69 and 6877.
23
Calculate the greatest common divisor of 7 and 7.
7
Calculate the greatest common factor of 2 and 2.
2
What is the greatest common divisor of 5572 and 84?
28
What is the highest common divisor of 20 and 1070?
10
Calculate the greatest common divisor of 1073 and 145.
29
Calculate the highest common factor of 94874 and 26.
26
What is the greatest common factor of 630 and 90?
90
Calculate the highest common divisor of 160 and 64.
32
Calculate the highest common factor of 498 and 42.
6
Calculate the greatest common factor of 2289 and 84.
21
Calculate the highest common factor of 2625 and 725.
25
Calculate the greatest common factor of 4475 and 100.
25
What is the greatest common factor of 224 and 136?
8
Calculate the highest common divisor of 444 and 24.
12
What is the greatest common factor of 58 and 6322?
58
What is the highest common factor of 6 and 627?
3
Calculate the greatest common divisor of 204 and 72.
12
Calculate the greatest common factor of 365 and 7519.
73
Calculate the greatest common divisor of 130 and 156.
26
Calculate the highest common factor of 14520 and 45.
15
Calculate the highest common factor of 4607 and 119.
17
Calculate the greatest common factor of 322 and 598.
46
What is the highest common factor of 22 and 19250?
22
What is the highest common factor of 75816 and 104?
104
What is the highest common factor of 6604 and 208?
52
What is the greatest common factor of 6 and 1842?
6
What is the greatest common factor of 335 and 2?
1
What is the highest common divisor of 44 and 8?
4
What is the greatest common factor of 10744 and 544?
136
What is the highest common factor of 1164 and 12?
12
What is the greatest common factor of 29 and 551?
29
Calculate the greatest common divisor of 525 and 1365.
105
What is the highest common factor of 31 and 61969?
31
Calculate the greatest common factor of 115 and 46.
23
Calculate the highest common divisor of 35 and 65.
5
What is the greatest common factor of 33 and 528?
33
Calculate the greatest common divisor of 24 and 3300.
12
Calculate the highest common factor of 110 and 2915.
55
What is the greatest common factor of 169 and 65?
13
Calculate the greatest common factor of 6 and 2334.
6
Calculate the highest common factor of 32 and 160.
32
Calculate the highest common divisor of 25674 and 33.
33
What is the greatest common factor of 208 and 13?
13
What is the greatest common factor of 30 and 7785?
15
Calculate the highest common factor of 54 and 918.
54
What is the greatest common factor of 100 and 3?
1
Calculate the greatest common factor of 4 and 44.
4
What is the greatest common factor of 135 and 1560?
15
What is the highest common divisor of 1608 and 24?
24
What is the greatest common divisor of 11 and 319?
11
What is the highest common factor of 221 and 17?
17
What is the greatest common factor of 33 and 21?
3
Calculate the greatest common divisor of 6351 and 87.
87
What is the highest common divisor of 897 and 546?
39
What is the greatest common factor of 71 and 2201?
71
Calculate the highest common factor of 32 and 32.
32
Calculate the highest common factor of 7 and 14.
7
Calculate the greatest common divisor of 36 and 14688.
36
What is the highest common factor of 4312 and 11?
11
Calculate the highest common divisor of 190 and 6.
2
Calculate the highest common factor of 400 and 4880.
80
What is the greatest common divisor of 28812 and 12?
12
Calculate the highest common factor of 396 and 54.
18
What is the greatest common divisor of 55 and 18953?
11
Calculate the greatest common divisor of 207 and 27.
9
What is the greatest common divisor of 24219 and 299?
299
What is the greatest common divisor of 442 and 2278?
34
What is the highest common divisor of 338 and 65?
13
Calculate the highest common factor of 310 and 4495.
155
Calculate the highest common factor of 10 and 3170.
10
Calculate the greatest common factor of 1190 and 442.
34
What is the greatest common factor of 5215 and 140?
35
What is the highest common factor of 80 and 185?
5
What is the highest common factor of 11 and 5269?
11
Calculate the greatest common factor of 520 and 39.
13
What is the greatest common divisor of 2465 and 290?
145
Calculate the greatest common divisor of 1755 and 715.
65
Calculate the greatest common divisor of 92 and 207.
23
Calculate the greatest common divisor of 122 and 8601.
61
What is the greatest common divisor of 1652 and 4?
4
What is the greatest common factor of 1584 and 32?
16
Calculate the highest common divisor of 39 and 52.
13
What is the highest common divisor of 285 and 1482?
57
What is the highest common factor of 115 and 207?
23
Calculate the highest common divisor of 10 and 99070.
10
What is the greatest common factor of 909 and 505?
101
What is the highest common factor of 11872 and 106?
106
What is the greatest common factor of 357 and 21?
21
Calculate the highest common divisor of 897 and 1104.
69
Calculate the highest common factor o